se -42480 = -28*d + 332. Is d prime?
False
Let x(k) = -5*k - 3*k + 4*k + 2*k - 4. Let p be x(-3). Suppose -p*b - 58 = -2*i, -i + 10 + 9 = -3*b. Is i a prime number?
False
Let f(m) = 107*m**3 - 17*m**2 + 24*m - 7. Is f(7) composite?
True
Let i = 43892 + -28055. Is i a composite number?
True
Let f be (5 - 4)/(-1) - -3247. Suppose -3*s + f = -0*s. Is s composite?
True
Let w be 27/5 + (-12)/30. Suppose 0 = -w*u + 781 + 864. Is u prime?
False
Suppose 2*u + u - v = 1397, 0 = -5*u + 2*v + 2327. Let i = -202 + u. Is i a prime number?
False
Let m(w) = 27*w**2 - 9*w + 4. Let s(n) = -54*n**2 + 19*n - 9. Let q(p) = 7*m(p) + 3*s(p). Is q(4) a composite number?
False
Is (-4)/42 - 30711*(-102)/378 composite?
False
Let k(o) = 674*o**2 + 25*o + 28. Is k(-3) a composite number?
True
Let y(s) be the first derivative of -264*s**4 - 2*s**3/3 - s**2 - s + 8. Is y(-1) prime?
False
Let o be (-126)/35*30/(-4). Let d = o + -23. Is 3846/d*(-16)/(-24) a composite number?
False
Let g(z) = z**2 - 59*z + 2707. Is g(0) prime?
True
Suppose c - n + 131 = 0, n - 262 = 4*c - 2*c. Let j = c - -224. Suppose -2*f = f - j. Is f composite?
False
Let k = -491 + 872. Is k a prime number?
False
Let d be 2 - (6 + 2)*1. Let n be (-746)/d + 7/(-21). Suppose y + 0*y - 303 = -2*p, 5*y = p - n. Is p prime?
True
Let i = 82879 + -53950. Is i a composite number?
True
Let o(a) = -3*a - 10. Let h be o(-5). Suppose 3*d - 521 - 135 = -5*b, 0 = b - h*d - 148. Is b a composite number?
True
Let f = 13861 + -9488. Is f composite?
False
Suppose 3*d = 5 + 7. Suppose -h = 2*h - d*z - 49, -h + 13 = -3*z. Is h a prime number?
True
Let p = -82 - -145. Suppose -f - 17 = -p. Let n = -20 + f. Is n composite?
True
Suppose 31*n - 23558 = -i + 29*n, -23564 = -i - 5*n. Is i a prime number?
False
Suppose -3*l + 57 = 5*v - 2*v, 88 = 4*v + l. Suppose 0 = -21*c + 16*c + 150. Let j = c - v. Is j a composite number?
False
Suppose -60*x - 4296 = -540756. Is x prime?
True
Let b = -24 - -20. Let r = -14 - 0. Is b/r + 2570/70 composite?
False
Suppose -187255 = -30*f + 13*f. Is f a composite number?
True
Let r be 3*(-3)/12*-4. Suppose -p = -4*v + 4552, -v - r*p + 5707 = 4*v. Is v a composite number?
True
Suppose -604 = -3*o + 2117. Is o composite?
False
Let u(m) = 6*m**2 + m - 5. Suppose -t + 18 = 4*d + t, 0 = 3*d + t - 13. Let z be u(d). Suppose 3*p + 2*p = z. Is p composite?
False
Suppose -2*q + 6*q + 5*o = -5, -q = 2*o + 5. Suppose -q = -3*f + 4. Suppose -l - 2*z = -f*l + 1260, z = 1. Is l composite?
False
Suppose -5*u - 2*c = -4487, 0 = 3*u - 4*u + c + 903. Is u a prime number?
False
Let w(g) = 4599*g + 55. Is w(6) a prime number?
False
Suppose -2*o = -4*o + 4*n + 26, 5*o - 40 = 5*n. Suppose -o*z + 23471 = 4*z. Is z a composite number?
True
Let b(f) = -4155*f + 118. Is b(-3) composite?
False
Let a = 9 - 9. Suppose -d + 5*d = a. Suppose 2*k + 3*k - 5305 = d. Is k prime?
True
Suppose -3*t + b = -13, 23 = 5*t - 0*b - b. Suppose -6045 = -5*a + t*f + 4950, -a + 2215 = 3*f. Is a a prime number?
True
Suppose 5*b + 6 = 1, 0 = -n + 3*b + 6. Suppose 0*k - n*k - 5 = 5*z, 1 = k - z. Suppose 146 + 186 = 4*q + t, k = -5*q + 5*t + 415. Is q a prime number?
True
Is (-11)/((-198)/(-24)) - (-6463)/3 composite?
False
Suppose -o - 6 = 4*u, 4 = -2*o - 5*u - 2. Suppose 7 = o*y + 3. Suppose -159 - 35 = -y*b. Is b a prime number?
True
Let q(r) = -348*r + 19. Let v be (-5 - 7)*(1 + 0). Is q(v) prime?
False
Let i(s) = 22*s + 11. Let r(c) = c. Let j(v) = i(v) - 4*r(v). Is j(4) a prime number?
True
Let c = 108240 - 36803. Is c a prime number?
True
Let r be 0 - -82 - (1 - -1). Suppose t + 4*t + 5*z - r = 0, -3*z = -5*t + 48. Suppose 0 = -3*o + t, 0*p + 4*o - 372 = -4*p. Is p a composite number?
False
Suppose -5*w - 2 = -2*w + 4*b, -2*b - 8 = -2*w. Suppose 0 = -2*z - w*r + 16, -r + 12 = -z + 2*r. Suppose 126 - 375 = -z*p. Is p prime?
True
Suppose -w = -35 + 32. Suppose w*o = 29491 + 122. Is o composite?
False
Suppose -612 = -4*o - 2*j, 5*o - j - 1095 = -337. Is o/5 + 12/20 composite?
False
Let c(o) = 12*o**2 - 9*o**2 + 0 + 2*o - 2 - 6. Is c(5) a composite number?
True
Let d(g) = -207*g - 61. Is d(-46) composite?
False
Let o = -1310 - -594. Let v = o + 1789. Is v prime?
False
Suppose 0 = -m + 4*y - 6*y - 7, 5 = -y. Suppose 8*x - 3*a = m*x + 3823, -x = -4*a - 751. Is x a prime number?
False
Let w be ((-2)/4)/((-2)/8). Is 39*(536/12)/w prime?
False
Suppose -4*f = -8*f + 21796. Let v = -3270 + f. Is v a composite number?
False
Let w(v) = v**3 + v**2 - 1. Let c(q) = 2*q**3 + 23*q**2 - 17*q - 22. Let p(x) = -c(x) + 3*w(x). Is p(20) prime?
True
Let y be ((-306)/85)/(0 + (-4)/10). Suppose y*d - 3256 = 5447. Is d a composite number?
False
Is ((-33)/(-8))/(-11) - 370788/(-96) composite?
True
Let g = 5393 + 3089. Is g composite?
True
Is 168/280*37405/3 a composite number?
False
Let s(l) = l**3 - l. Let n be s(0). Suppose -5*v = -n*v + 10. Let g(h) = 31*h**2 - 4*h - 3. Is g(v) a prime number?
False
Suppose v - 4*u - 432 = 0, -6 + 3 = -3*u. Suppose -3*c - f - f = -v, 4*c + f = 588. Is -1*(-1 - c - 0) a prime number?
True
Let m(w) = -w - 9. Let l be ((-6)/(-8))/(10/(-120)). Let p be m(l). Suppose -2*y - h = 3*h - 262, 5*y - 5*h - 715 = p. Is y a prime number?
True
Let x(p) be the second derivative of 0 - 1/6*p**3 + 3*p + 3/2*p**2 + 1/6*p**4. Is x(6) a composite number?
True
Suppose c + 4*u = 1158, -7*c = -3*c + 2*u - 4660. Let s = c - 493. Is s a prime number?
True
Let z(i) = -i**3 + 14*i**2 + 13*i + 15. Let v be z(15). Is (3 + 0)*(-1165)/v prime?
True
Let k be 7/(273/(-6)) - 8680/26. Let h = k - -1593. Is h composite?
False
Suppose j = 4 - 8. Is (-135)/(-10) + (-2)/j a prime number?
False
Suppose 4*a - 1361 = -g, -2*a = -7*g + 2*g - 653. Is a prime?
False
Let a = 15 - 39. Let m be ((-8)/6)/(16/a). Suppose -l - 4*n = -5*l + 496, -4*l + 478 = m*n. Is l a prime number?
False
Let q be 2 + (-1)/(-1)*1. Suppose q*l = 109 - 673. Let i = 274 + l. Is i a prime number?
False
Suppose -5*h = -h - 1636. Is h a prime number?
True
Suppose 554 + 1526 = 5*x. Suppose -4*i = 4, -989 = 5*q - 2*i - 26. Let v = q + x. Is v a prime number?
True
Let c(v) = -v + 19. Let d be c(10). Suppose -1012 + 10111 = d*z. Is z composite?
True
Let n(k) = k**2 - 6*k. Let p be n(6). Suppose -2*b + 3*g + 771 + 310 = p, -2650 = -5*b - 3*g. Is b prime?
False
Let c = -38 + 30. Is ((-141)/6)/(4/c) composite?
False
Let p = -68 - -40. Let w be 11/(-7) + (-16)/p. Is (w - (-2 + 5)) + 147 a composite number?
True
Let z(j) = j**2 - 4*j + 15661. Is z(0) prime?
True
Suppose 2*x + 1 = -5. Let n = x - 0. Is (-2 - -96 - n) + -2 a prime number?
False
Let a(o) = 13048*o**3 + 8*o**2 + 15*o - 25. Is a(2) a prime number?
False
Is (-37)/(-185)*85*1009 a prime number?
False
Let k = 10 - 6. Suppose 8*g = g - 9184. Is (g/k + -3)*-1 a prime number?
True
Let m(x) be the second derivative of x**4/12 - 7*x**3/6 + 3*x**2 + 3*x. Let a be m(7). Suppose -l + a*l = 395. Is l a composite number?
False
Let l be 388/24 - 8/48. Let r be 1/(-1 + 260/258). Let i = r - l. Is i a prime number?
True
Let i = -8 + 14. Suppose 0 = -13*m + 10*m + i. Suppose -260 + 1475 = 5*k - 4*r, 5*k - 1185 = -m*r. Is k composite?
False
Suppose -4*n + 10 + 34 = 0. Let i = 11 - n. Suppose 2*w = -i*w - q + 22, 5*q = -20. Is w composite?
False
Suppose -9*r + 8*r + y + 11999 = 0, -4*r + 2*y = -47988. Is r a prime number?
False
Suppose 6*x - 7*x = 5*y - 51212, 4*y + x - 40969 = 0. Is y prime?
True
Let y(g) = -1 + 4*g**3 - 3*g**2 + 4*g - 2*g - 3*g + 2*g**2. Let z be y(-1). Is (-1)/z + 436/20 composite?
True
Let t(h) be the third derivative of 787*h**4/24 - 9*h**2. Is t(1) prime?
True
Let i be -27*(-15)/3 - -2. Suppose -2*k = i + 79. Let s = k - -275. Is s a composite number?
False
Suppose 4*i = -16, -3*g - 5527 = i - 28866. Is g composite?
True
Let x(w) = -2*w**2 + 1427. Let n be x(0). Let v = 2824 - n. Is v composite?
True
Let f(v) = -12*v + 10 + 3 - 7*v. Suppose -13*d + 17*d + 5*z - 1 = 0, 0 = d + 5*z - 19. Is f(d) composite?
False
Let p(k) = -28*k**3 + 14*k**2 + 120*k + 17. Is p(-7) composite?
False
Let y = 11 + -4. Suppose 0 = 3*r + 4*j + 16, 4*r - y = 2*j + 1. Suppose -2*i - 2*o + 691 - 109 = r, o = i - 295. Is i composite?
False
Suppose -a = -6*a + 5*k - 45, -5*k + 41 = -4*a. Let c be 3/a - (-30)/8. Is ((5 - c) + -3)*-53 prime?
True
Is (-865885)/(-40) - 20/160